 15, what is 11c38 + 0?
11c38
In base 16, what is -3 + 879?
876
In base 3, what is -12000101112100 + 1?
-12000101112022
In base 14, what is -4bb - -1b8?
-303
In base 11, what is 1186396 - 4?
1186392
In base 16, what is -aac + 9?
-aa3
In base 12, what is 3 + 4b69?
4b70
In base 4, what is 200012 + 10001?
210013
In base 13, what is 276 + 1099?
1342
In base 2, what is -1111011111010000 - -100010?
-1111011110101110
In base 2, what is -1100100100 + 11010100011?
1101111111
In base 15, what is -91 + 43?
-4d
In base 4, what is 10002113 + -1?
10002112
In base 8, what is 215 + -657?
-442
In base 13, what is -170 - 75?
-215
In base 12, what is 2260a + 12b?
22739
In base 4, what is 1313 - 23113?
-21200
In base 7, what is -1004 - -151?
-523
In base 8, what is 0 + -540715?
-540715
In base 10, what is -607 + -740?
-1347
In base 2, what is -1000110010110001 - -100?
-1000110010101101
In base 3, what is 2 - -120121012?
120121021
In base 16, what is 151531 - -1?
151532
In base 7, what is 1465 + -64?
1401
In base 10, what is 12359 - 1?
12358
In base 4, what is -213312012 + 0?
-213312012
In base 9, what is 1 - 3475?
-3474
In base 6, what is 5 - 330044?
-330035
In base 5, what is -4 + 12104321?
12104312
In base 15, what is -34 + -224?
-258
In base 5, what is -201 + -22124?
-22330
In base 13, what is -659 - -54?
-605
In base 7, what is 340026 - -4?
340033
In base 7, what is -60 - -4656?
4566
In base 8, what is 15 + -51636?
-51621
In base 16, what is 7e9 + -2b?
7be
In base 16, what is -4fb6dc - 1?
-4fb6dd
In base 11, what is 1 + -77921?
-77920
In base 14, what is -8 + 205a?
2052
In base 8, what is -30 + -622?
-652
In base 4, what is 1212 - 321112?
-313300
In base 6, what is -123 + 253042?
252515
In base 6, what is 3303 - -1311?
5014
In base 4, what is -3223022202 - -2?
-3223022200
In base 15, what is -15 - 422?
-437
In base 7, what is -4 + 2422246?
2422242
In base 13, what is -a - 83?
-90
In base 14, what is -40 + -b19?
-b59
In base 8, what is 560 - 555?
3
In base 7, what is -321 - -2255?
1634
In base 14, what is -c257 - -13?
-c244
In base 14, what is 1 - -343bb9?
343bba
In base 5, what is 2 - 4022243?
-4022241
In base 6, what is -514 - -1504?
550
In base 15, what is 15669d + 2?
1566a0
In base 3, what is -11101220011 + 12?
-11101212222
In base 8, what is -15471 - 2?
-15473
In base 16, what is -53 - -8a7b?
8a28
In base 10, what is 5 + 438?
443
In base 2, what is -11011001001 + -1000110?
-11100001111
In base 4, what is 20311321321 - 3?
20311321312
In base 3, what is -111 - -111122110?
111121222
In base 13, what is -3463a - 3?
-34640
In base 2, what is -11110001 + -1110100?
-101100101
In base 12, what is 3 + 37056?
37059
In base 11, what is 464 + -22?
442
In base 8, what is -113 - 10512?
-10625
In base 5, what is 213 - 2104?
-1341
In base 4, what is -3 + 1122233032?
1122233023
In base 9, what is -3 + -12681?
-12684
In base 14, what is -1da + 3d?
-19b
In base 13, what is 1 + 578b0?
578b1
In base 4, what is 3 + 11321301?
11321310
In base 13, what is 2771 - -6?
2777
In base 10, what is -244038 - -4?
-244034
In base 3, what is 1022 + -11111102?
-11110010
In base 16, what is 1 + -aee?
-aed
In base 7, what is -401 + -55?
-456
In base 7, what is 3 + 1152022?
1152025
In base 8, what is 125 - 345?
-220
In base 13, what is 17a - 121?
59
In base 9, what is 24 + -167?
-143
In base 4, what is -330 + 21110?
20120
In base 10, what is -84 + -9699?
-9783
In base 6, what is -34153 - 3?
-34200
In base 16, what is 687fa8 + -5?
687fa3
In base 8, what is 601 - 2066?
-1265
In base 4, what is -1133 - 2231102?
-2232301
In base 15, what is -3 + 45ae?
45ab
In base 5, what is -1240343 + -100?
-1240443
In base 10, what is -6 - 16479?
-16485
In base 6, what is -2 + 12050411?
12050405
In base 12, what is -5bb99 + 1?
-5bb98
In base 7, what is 16 + -4212254?
-4212235
In base 16, what is 86 + 1cf?
255
In base 16, what is -9 - 56eb?
-56f4
In base 12, what is 0 + -21a3?
-21a3
In base 4, what is 2 + 2230302?
2230310
In base 7, what is 12 - 26433?
-26421
In base 13, what is 11386 - 2?
11384
In base 13, what is 4 - -2957?
295b
In base 6, what is 54153 + 5244?
103441
In base 10, what is -39 - 1726?
-1765
In base 6, what is 50 + 1504052?
1504142
In base 4, what is 1022 + 311?
1333
In base 8, what is -4 + -5260662?
-5260666
In base 3, what is -1 - 101102021120?
-101102021121
In base 13, what is -24 + -95a5?
-95c9
In base 3, what is 12011 - 2101121?
-2012110
In base 14, what is -4d8 + -38?
-532
In base 15, what is -2c5 - c1?
-396
In base 16, what is 1e9b - -2c?
1ec7
In base 4, what is 101323230 - 110?
101323120
In base 4, what is -132113 - 2103?
-200222
In base 15, what is 12e9d - 16?
12e87
In base 6, what is -1 - -112411?
112410
In base 15, what is 3282 - d?
3274
In base 10, what is 134 + -1147?
-1013
In base 2, what is 110010011001001001101 - -10?
110010011001001001111
In base 11, what is 374 - 1351?
-a88
In base 7, what is -26564 + 2064?
-24500
In base 10, what is 1756 - -6?
1762
In base 12, what is 34ba - -198?
3696
In base 2, what is 1001101111111 - -11?
1001110000010
In base 12, what is 13 + -147?
-134
In base 4, what is 2103323 - 13?
2103310
In base 2, what is -11111000011111011111 + 10?
-11111000011111011101
In base 7, what is -1 - 1056405?
-1056406
In base 14, what is 193c2 + 0?
193c2
In base 16, what is -24 + -1ed?
-211
In base 9, what is -22 + -117820?
-117842
In base 13, what is -71 + 72?
1
In base 5, what is 40131431 + 1?
40131432
In base 14, what is -2 - -3964?
3962
In base 10, what is 38810 - -1?
38811
In base 4, what is 30 + 2210131?
2210221
In base 15, what is -3e - -4b6b?
4b2c
In base 12, what is 17 + bb?
116
In base 7, what is -16 + -116?
-135
In base 10, what is -98 - -274?
176
In base 2, what is 10110110111101001100 + 1?
10110110111101001101
In base 7, what is -1223006 + 10?
-1222666
In base 7, what is -30 + -61265?
-61325
In base 8, what is -4 + -212735?
-212741
In base 9, what is 1 + -8504?
-8503
In base 10, what is -14 + -3927?
-3941
In base 9, what is 30 - -704?
734
In base 4, what is -3100 + 30311?
21211
In base 4, what is 2222 + 3202?
12030
In base 14, what is -4b30 + -2?
-4b32
In base 14, what is 4 + 2781?
2785
In base 14, what is dab + -282?
b29
In base 4, what is 1 + -1011123?
-1011122
In base 6, what is 12011 - -525?
12540
In base 3, what is -10 - 121201001?
-121201011
In base 3, what is -2221 + 10100200?
10020202
In base 12, what is 3 - -2851?
2854
In base 8, what is -20307 + 16?
-20271
In base 2, what is 10001 + 1010001010010?
1010001100011
In base 5, what is 314 + 11114?
11433
In base 15, what is -42 - -25?
-1c
In base 8, what is 76461 + 7?
76470
In base 3, what is 10 + -222211121?
-222211111
In base 2, what is 111010010100 + 1001?
111010011101
In base 5, what is -423 + 121343?
120420
In base 10, what is -77302 - -5?
-77297
In base 6, what is -10122 - 335?
-10501
In base 12, what is 2 + -3aa09?
-3aa07
In base 16, what is -3 + 1277?
1274
In base 13, what is 0 - 1979?
-1979
In base 4, what is -123 + -331001?
-331130
In base 13, what is 83 + -913?
-860
In base 6, what is -12524 - -1220?
-11304
In base 14, what is -a20a + a?
-a200
In base 8, what is -40 - -3347?
3307
In base 3, what is -20200 - 220011?
-1010211
In base 16, what is -f + 2005?
1ff6
In base 15, what is -501e - -3?
-501b
In base 4, what is -1010 - 13102?
-20112
In base 9, what is 4 + -1403205?
-1403201
In base 13, what is -1 - -66207?
66206
In base 11, what is -506849 + 2?
-506847
In base 16, what is -696c + 6?
-6966
In base 13, what is a50 + 4?
a54
In base 5, what is 200 + 1412?
2112
In base 11, what is 5 + -19a80?
-19a76
In base 12, what is 15b462 + 4?
15b466
In base 13, what is 3 + 343a?
3440
In base 2, what is 11101011110 - -100?
11101100010
In base 5, what is -4 - -40422020?
40422011
In base 7, what is 213342 + -3?
213336
In base 5, what is 4022 - -1433?
11010
In base 14, what is -d + -387?
-396
In base 14, what is c748d + 3?
c7492
In base 2, what is 10100 - 100000001101?
-11111111001
In base 8, what is -16436 + -5?
-16443
In base 13, what is -6 - 9064?
-906a
In base 15, what is 10 + -1505?
-14e5
In base 4, what is 2002 - -3332202?
10000210
In base 15, what is 4e1c8d - 2?
4e1c8b
In base 5, what is -2433123 - -3?
-2433120
In base 10, what is -1027 + 16?
-1011
In base 9, what is 10 - 836?
-826
In base 12, what is